416.
19
What is the remainder when 146527 is divided by 13318?
29
Calculate the remainder when 9688 is divided by 9686.
2
Calculate the remainder when 177925 is divided by 177906.
19
Calculate the remainder when 44645 is divided by 2.
1
What is the remainder when 41726 is divided by 1?
0
What is the remainder when 8621 is divided by 2370?
1511
What is the remainder when 7938 is divided by 3965?
8
What is the remainder when 10438 is divided by 227?
223
What is the remainder when 1506255 is divided by 1413?
1410
What is the remainder when 100918 is divided by 55?
48
What is the remainder when 317 is divided by 30?
17
What is the remainder when 10568 is divided by 66?
8
What is the remainder when 4658 is divided by 247?
212
What is the remainder when 3910 is divided by 3896?
14
What is the remainder when 7870 is divided by 1271?
244
Calculate the remainder when 13670 is divided by 916.
846
Calculate the remainder when 1651 is divided by 150.
1
Calculate the remainder when 9546 is divided by 4677.
192
What is the remainder when 8552 is divided by 671?
500
Calculate the remainder when 89219 is divided by 9.
2
What is the remainder when 118862 is divided by 14857?
6
What is the remainder when 43321 is divided by 376?
81
Calculate the remainder when 25700 is divided by 1713.
5
What is the remainder when 4153 is divided by 160?
153
What is the remainder when 10263 is divided by 1511?
1197
Calculate the remainder when 2268 is divided by 238.
126
Calculate the remainder when 1651753 is divided by 57.
7
What is the remainder when 530 is divided by 159?
53
Calculate the remainder when 83098 is divided by 10.
8
Calculate the remainder when 75234 is divided by 2088.
66
What is the remainder when 1307 is divided by 324?
11
Calculate the remainder when 17583 is divided by 323.
141
Calculate the remainder when 5075 is divided by 47.
46
What is the remainder when 1958 is divided by 340?
258
What is the remainder when 5676 is divided by 2804?
68
Calculate the remainder when 199660 is divided by 28521.
13
Calculate the remainder when 2461 is divided by 269.
40
Calculate the remainder when 2736 is divided by 795.
351
Calculate the remainder when 144854 is divided by 135.
134
Calculate the remainder when 428 is divided by 148.
132
Calculate the remainder when 12754 is divided by 118.
10
What is the remainder when 6867 is divided by 1680?
147
What is the remainder when 164086 is divided by 636?
634
Calculate the remainder when 4284 is divided by 594.
126
What is the remainder when 287258 is divided by 212?
210
Calculate the remainder when 710469 is divided by 56.
53
Calculate the remainder when 8337 is divided by 334.
321
Calculate the remainder when 103095 is divided by 98.
97
What is the remainder when 594506 is divided by 4100?
6
Calculate the remainder when 10773 is divided by 102.
63
Calculate the remainder when 48371 is divided by 112.
99
Calculate the remainder when 1061 is divided by 38.
35
Calculate the remainder when 169950 is divided by 20.
10
What is the remainder when 65746 is divided by 2051?
114
Calculate the remainder when 6715 is divided by 13.
7
Calculate the remainder when 56423 is divided by 86.
7
What is the remainder when 1176 is divided by 8?
0
Calculate the remainder when 4303 is divided by 4191.
112
Calculate the remainder when 6426 is divided by 2952.
522
What is the remainder when 2128 is divided by 182?
126
What is the remainder when 8218 is divided by 8095?
123
Calculate the remainder when 2072 is divided by 927.
218
Calculate the remainder when 74971 is divided by 19.
16
Calculate the remainder when 154600 is divided by 85.
70
Calculate the remainder when 5397 is divided by 50.
47
What is the remainder when 12975 is divided by 75?
0
What is the remainder when 9571 is divided by 9544?
27
What is the remainder when 1036 is divided by 147?
7
Calculate the remainder when 37360 is divided by 12.
4
Calculate the remainder when 2526 is divided by 1258.
10
What is the remainder when 5063 is divided by 100?
63
Calculate the remainder when 480 is divided by 27.
21
What is the remainder when 3630 is divided by 3528?
102
What is the remainder when 4711 is divided by 50?
11
What is the remainder when 321 is divided by 76?
17
Calculate the remainder when 1662 is divided by 64.
62
What is the remainder when 21924 is divided by 7283?
75
What is the remainder when 6013 is divided by 104?
85
What is the remainder when 2501 is divided by 393?
143
Calculate the remainder when 128291 is divided by 21369.
77
Calculate the remainder when 98677 is divided by 390.
7
What is the remainder when 13345 is divided by 63?
52
What is the remainder when 3654 is divided by 66?
24
What is the remainder when 107063 is divided by 35686?
5
Calculate the remainder when 6767 is divided by 2210.
137
Calculate the remainder when 10141 is divided by 118.
111
What is the remainder when 5320892 is divided by 592?
588
What is the remainder when 1280552 is divided by 12?
8
Calculate the remainder when 17370 is divided by 8684.
2
What is the remainder when 1007 is divided by 107?
44
Calculate the remainder when 1064 is divided by 260.
24
What is the remainder when 361529 is divided by 2102?
2087
What is the remainder when 1221 is divided by 560?
101
Calculate the remainder when 8479 is divided by 472.
455
Calculate the remainder when 20543 is divided by 42.
5
What is the remainder when 8885 is divided by 230?
145
What is the remainder when 5594 is divided by 2714?
166
What is the remainder when 347722 is divided by 136?
106
What is the remainder when 19348 is divided by 225?
223
Calculate the remainder when 986 is divided by 386.
214
What is the remainder when 2741 is divided by 130?
11
What is the remainder when 4179 is divided by 1368?
75
Calculate the remainder when 92539 is divided by 46269.
1
Calculate the remainder when 1841 is divided by 75.
41
Calculate the remainder when 1718830 is divided by 443.
433
Calculate the remainder when 278380 is divided by 548.
544
Calculate the remainder when 122467 is divided by 331.
328
What is the remainder when 2906 is divided by 876?
278
What is the remainder when 18060 is divided by 17982?
78
Calculate the remainder when 464074 is divided by 1193.
1190
Calculate the remainder when 493 is divided by 446.
47
Calculate the remainder when 36846 is divided by 3669.
156
Calculate the remainder when 149448 is divided by 421.
414
What is the remainder when 26687 is divided by 513?
11
Calculate the remainder when 973 is divided by 909.
64
What is the remainder when 212948 is divided by 9?
8
Calculate the remainder when 4526 is divided by 140.
46
What is the remainder when 10911 is divided by 3579?
174
What is the remainder when 4548 is divided by 26?
24
Calculate the remainder when 5435 is divided by 1809.
8
Calculate the remainder when 2326959 is divided by 394.
389
Calculate the remainder when 68283 is divided by 171.
54
What is the remainder when 762579 is divided by 7?
6
What is the remainder when 678 is divided by 676?
2
What is the remainder when 379148 is divided by 16481?
85
Calculate the remainder when 1920 is divided by 908.
104
What is the remainder when 8615 is divided by 139?
136
What is the remainder when 880827 is divided by 293609?
0
Calculate the remainder when 7334 is divided by 433.
406
What is the remainder when 27787 is divided by 56?
11
Calculate the remainder when 3558 is divided by 959.
681
What is the remainder when 1919 is divided by 131?
85
What is the remainder when 19266 is divided by 63?
51
What is the remainder when 4531449 is divided by 107?
106
What is the remainder when 560 is divided by 11?
10
What is the remainder when 5199 is divided by 313?
191
Calculate the remainder when 34311 is divided by 17148.
15
What is the remainder when 6216 is divided by 89?
75
What is the remainder when 77854 is divided by 123?
118
Calculate the remainder when 3072 is divided by 1012.
36
What is the remainder when 1148 is divided by 233?
216
What is the remainder when 15277 is divided by 168?
157
What is the remainder when 89844 is divided by 1695?
9
What is the remainder when 2529 is divided by 127?
116
What is the remainder when 16872 is divided by 211?
203
What is the remainder when 649 is divided by 492?
157
What is the remai